e -w*x + 4*m = -1066, x + 1 - 214 = m. List the prime factors of x.
2, 107
Suppose 148*f - 851916 = 178016. List the prime factors of f.
6959
Suppose 14029*t - 14020*t - 38610 = 0. List the prime factors of t.
2, 3, 5, 11, 13
Let m(k) = -51*k + 2. Let z(y) = -55*y + 2. Let v(q) = -56*q + 2. Let a(o) = -5*v(o) + 6*z(o). Let s(i) = 4*a(i) - 3*m(i). What are the prime factors of s(-2)?
2, 3
Suppose 4*n = -12, -5*o - n + 156818 - 26606 = 0. What are the prime factors of o?
3, 8681
Suppose -4*c + 41795 + 48955 = 6*c. List the prime factors of c.
3, 5, 11
Let t(o) = 6 + 9*o**2 - 2 - 3*o + 28*o - 1 - o**3. Let y be t(12). Let x = y - -221. What are the prime factors of x?
2, 23
List the prime factors of (5 + -4)*(-9 + 847 + 0/3).
2, 419
Let x(k) = -2*k**2 + 212*k + 2196. List the prime factors of x(108).
2, 3, 7
Let i = 27827 + -18711. What are the prime factors of i?
2, 43, 53
Let l = 92 + -169. Let z = 18132 - 18376. Let v = l - z. List the prime factors of v.
167
Let d = 76588 + -54395. What are the prime factors of d?
22193
Suppose -9*m = -5*m - 16. Suppose -l - 2*r = -29, -2*l + 17 = -5*r + m. Let c = 85 - l. What are the prime factors of c?
2, 3, 11
Let y(j) = 3*j + 4. Let s be y(-8). Let t = -17 - s. Suppose f + d - 60 = -2*d, -252 = -5*f - t*d. List the prime factors of f.
2, 3
Let u = 48 + -38. Suppose 2 = m + 4*l + u, m = 3*l + 13. Suppose -y - m*y = -555. List the prime factors of y.
3, 37
Let f(i) = -4*i - 12. Let o be f(-3). Let j be 6 - ((4 - 1) + o). What are the prime factors of 1*(-3)/j + 33 + 0?
2
Let m(p) = 2*p**2 + 3*p + 440. Let j be m(0). Let g = j - 370. What are the prime factors of g?
2, 5, 7
What are the prime factors of (-58388)/(-6) + ((-13)/78)/(6/12)?
37, 263
Let t = 140 - 56. Let h = -10788 - -10856. Let k = t - h. What are the prime factors of k?
2
Let h(f) = -7*f**2 + 3*f + 3. Let x be h(-2). Let o = x + 16. Let y = o + 17. List the prime factors of y.
2
Let r(u) = 97*u + 0 - 1 + 72*u. Let o be r(1). List the prime factors of ((-90)/(-35))/(9/o).
2, 3
What are the prime factors of (-16 + 8 - -3) + 12978?
12973
Let n = 1929 - -3658. What are the prime factors of n?
37, 151
What are the prime factors of ((-40)/(-4))/((-6)/(120*-4))?
2, 5
Suppose -53*j + 2086119 - 744018 = 54*j. List the prime factors of j.
3, 37, 113
Let s(k) = -686*k - 5. What are the prime factors of s(-6)?
4111
Suppose -21 = 32*r - 31*r. Let d(j) = 2*j + 47. Let o be d(r). What are the prime factors of (-2)/3*(o - 188)?
2, 61
Suppose -26*m = -18*m - 16. Suppose 4*q + 3*z = 576, 5*q + 3*z - 925 = -205. Suppose 0 = m*n - 10*n + q. List the prime factors of n.
2, 3
Let r = 7318 + -2334. What are the prime factors of r?
2, 7, 89
Suppose 4*q - 32 = 0, -10*n + 15*n - 71401 = -2*q. What are the prime factors of n?
3, 4759
Let w(c) = c**3 - 3*c + 2. Suppose -12*u = -16*u. Let p be w(u). What are the prime factors of (-1 + 3)*((-77)/(-2) - p)?
73
Let k be (-10)/(-3)*(39 + 0). Let a = k - 80. What are the prime factors of a?
2, 5
List the prime factors of -172*((-57)/(-9) - 6)/((-8)/762).
43, 127
Let z(b) = 4*b**2 - 7*b + 6. Let k be z(4). Let x = -39 + k. Suppose 2*t - x = -5, -5*t = -3*c + 239. What are the prime factors of c?
2, 3, 13
Suppose 3*h - 26 = 2*b - 79, 4*b + h = 85. Suppose b*m - 12838 - 5972 = 0. List the prime factors of m.
3, 5, 19
Let p(j) = -2*j**2 - 2*j - 18. Let n be p(-6). Let v = n + 263. What are the prime factors of v?
5, 37
Let g = 1046 - 691. Suppose -3*c = -k + 988, -c = -k + 1343 - g. What are the prime factors of k?
2, 13, 19
Let i(u) = 23*u + 1036. List the prime factors of i(46).
2, 3, 349
What are the prime factors of (((-1)/4)/((-3)/42))/(8/117232)?
7, 17, 431
Suppose -2*k = b - 9, -4*b + k + 12 + 6 = 0. Let w be 4/8*-5*(-1724)/b. Suppose -4*z + w = 4*c + 202, -4*z = -c - 670. What are the prime factors of z?
167
Let u(y) = y**3 + 33*y**2 + 202*y - 24. List the prime factors of u(-13).
2, 5, 73
Let p = 65893 - 11470. List the prime factors of p.
3, 6047
Let y = 217 + -215. Suppose -y*j + 3*c + 20 = 0, -5 = 4*j + c - 45. List the prime factors of j.
2, 5
List the prime factors of (-2644)/((-1)/10*15/6*4).
2, 661
Let a(k) = -13457*k + 677. What are the prime factors of a(-3)?
2, 7, 733
Suppose -2*k + 2 = -0. Let j be (k/2)/((-3)/6). What are the prime factors of (-1)/((-4)/8*j) + 42?
2, 5
Suppose -3*q - 15 = -2*q. Let y be ((-44)/6)/(10/q). List the prime factors of y*(-1 + -2 - (-5 - -1)).
11
Let f be 9 + 28/(12 + -16). Let q(l) = 2*l**3 + 4*l**2 - 2. Let s be q(-5). What are the prime factors of 15*10*(f - s/(-100))?
2, 3
Let d(u) = 4063*u + 1547. List the prime factors of d(5).
2, 17, 643
Suppose -m + 4 - 13 = -5*t, -4*m = 4*t + 12. List the prime factors of -6 + (384*t - -4).
2, 191
Let r = -20957 + 49974. List the prime factors of r.
29017
Let a = -7087 - -12934. What are the prime factors of a?
3, 1949
Let h = 12 + 5. Suppose d = 3, -s + h - 1 = -d. List the prime factors of (-18 + s)/((-2)/(-70)).
5, 7
Let n = 36 - 29. Let l(s) = -3*s + 17. Let i be l(n). List the prime factors of (1 - -111) + (-7 - i).
109
Let n(s) = s**3 - 103*s**2 - 668*s + 235. What are the prime factors of n(112)?
5, 79, 97
Let z be 18/12*(5 - 3). Suppose -f - z = -3*x - 0*x, 2*f = -x + 8. Suppose -4*n + f*n = -25. List the prime factors of n.
5
What are the prime factors of (3 - (5 - 0))*22521/(-6)?
7507
Let u(o) = 562*o**2 - 115*o - 8. Let i be u(-6). Suppose 25*v = i + 1761. List the prime factors of v.
907
Suppose 0 = 17*i - 14*i + 2*g - 50091, g = -4*i + 66793. List the prime factors of i.
16699
List the prime factors of (7868/3)/((-22)/(-99)) - -6.
2, 3, 41
Let l = 13371 + -2353. What are the prime factors of l?
2, 7, 787
Let s = 75 - 72. Suppose -s*p + 9 = 0, n = -7*p + 8*p + 932. What are the prime factors of n?
5, 11, 17
Suppose -8 + 5 = -3*f. Let l(k) = 2111*k**3 - k - 1. Let u be l(f). Suppose 11*s - u = -107. List the prime factors of s.
2, 7, 13
Let w(h) = h - 20. Let q be w(23). Let f(s) = -8 - 5 + 1 + q*s. List the prime factors of f(7).
3
Suppose -159*n + 709 = -160*n. Let o = -11 - n. What are the prime factors of o?
2, 349
Let t(d) = -2*d**2 + 22*d + 3. Let k be t(11). Suppose -1023 = -5*u - k*m, 5*u = 9*u - 4*m - 812. List the prime factors of (-2 - 1) + u/6*3.
3, 11
Suppose -4*o - 7*o - 22*o = -2904. Suppose 0 = -4*m + 3*d + 173, 0*d + d = -5*m + 240. Suppose q + 5*s = -q + o, m = q + 4*s. List the prime factors of q.
3, 13
Let m = 281 + -275. Suppose -m*b = 242 - 980. List the prime factors of b.
3, 41
Suppose -15368 = -2*k - 3*r, -25*r + 26*r = -2*k + 15360. List the prime factors of k.
2, 11, 349
Let l(c) be the second derivative of -35*c**3/3 - 55*c**2 + 8*c - 1. What are the prime factors of l(-14)?
2, 3, 5, 29
Suppose -3*p - 21 = -4*u, -7*u = -2*u - 2*p - 35. Let w(z) = -z**3 + 12*z**2 - 18*z. What are the prime factors of w(u)?
3
Suppose k = -2 + 8. Suppose -k*o + 1 + 35 = 0. Suppose o*g + 18 = 210. List the prime factors of g.
2
Let h = 12395 - 5623. List the prime factors of h.
2, 1693
Let y be (-9)/(180/(-8)) + 4/(-10). Suppose y = -4*q + q + 420. Suppose 23*v - q = 19*v. What are the prime factors of v?
5, 7
Let k(i) = 6*i**2 - 15*i + 42. Let y = 134 + -126. What are the prime factors of k(y)?
2, 3, 17
Suppose -25 - 3 = -x. Suppose 3*i - 14 = i - 3*h, -h = -4*i + x. Suppose i*n = 11*n - 32. List the prime factors of n.
2
Let t = 454 - 2138. Let r = t - -2559. List the prime factors of r.
5, 7
Suppose -3*o + 92510 = -2*g, -988*o - 3*g = -992*o + 123344. What are the prime factors of o?
2, 7, 2203
Let j(t) = 102*t**3 - 5*t**2 + 8*t - 24. Let m be j(4). List the prime factors of (-8)/(-10) + (m/(-10))/(-3).
2, 3
Let o = 203 + -201. Suppose 5*s - 1300 = -5*q, -1046 = q - 5*q - o*s. What are the prime factors of q?
263
Let j be 13/(-195)*-15*3. Suppose 0*o - 15 = -3*o. Suppose 152 + 358 = 5*l - o*y, -4*l - j*y = -373. List the prime factors of l.
97
Suppose 147346 = 67*l - 97843 - 328599. List the prime factors of l.
2, 2141
Let b = 4629 + 33059. List the prime factors of b.
2, 7, 673
Let w(h) = 3*h + 16. Let a be w(-4). Suppose 3*c - a*c + 4*p = -1089, 0 = 2*c - 2*p - 2184. What are the prime factors of c?
1093
Suppose -4*d = -3*s + 24168, 500*d - 502*d - 16110 = -2*s. List the prime factors of s.
2, 3, 11, 61
Let g(t)